{"id":290,"date":"2026-02-24T15:41:57","date_gmt":"2026-02-24T15:41:57","guid":{"rendered":"http:\/\/localhost\/?page_id=290"},"modified":"2026-02-24T15:41:57","modified_gmt":"2026-02-24T15:41:57","slug":"home","status":"publish","type":"page","link":"https:\/\/shop.bazeni-krk.hr\/","title":{"rendered":"Home"},"content":{"rendered":"<h1>Dobrodo\u0161li na Bazeni-Krk Webshop<\/h1>\n<h2>Va\u0161 stru\u010dnjak za bazenske folije, tehniku i sezonsku pripremu bazena<\/h2>\n","protected":false},"excerpt":{"rendered":"<p>Dobrodo\u0161li na Bazeni-Krk Webshop Va\u0161 stru\u010dnjak za bazenske folije, tehniku i sezonsku pripremu bazena<\/p>\n","protected":false},"author":1,"featured_media":0,"parent":0,"menu_order":0,"comment_status":"closed","ping_status":"closed","template":"","meta":{"footnotes":""},"class_list":["post-290","page","type-page","status-publish","hentry"],"_links":{"self":[{"href":"https:\/\/shop.bazeni-krk.hr\/index.php?rest_route=\/wp\/v2\/pages\/290","targetHints":{"allow":["GET"]}}],"collection":[{"href":"https:\/\/shop.bazeni-krk.hr\/index.php?rest_route=\/wp\/v2\/pages"}],"about":[{"href":"https:\/\/shop.bazeni-krk.hr\/index.php?rest_route=\/wp\/v2\/types\/page"}],"author":[{"embeddable":true,"href":"https:\/\/shop.bazeni-krk.hr\/index.php?rest_route=\/wp\/v2\/users\/1"}],"replies":[{"embeddable":true,"href":"https:\/\/shop.bazeni-krk.hr\/index.php?rest_route=%2Fwp%2Fv2%2Fcomments&post=290"}],"version-history":[{"count":0,"href":"https:\/\/shop.bazeni-krk.hr\/index.php?rest_route=\/wp\/v2\/pages\/290\/revisions"}],"wp:attachment":[{"href":"https:\/\/shop.bazeni-krk.hr\/index.php?rest_route=%2Fwp%2Fv2%2Fmedia&parent=290"}],"curies":[{"name":"wp","href":"https:\/\/api.w.org\/{rel}","templated":true}]}}